?
False
Is 13302411541 prime?
False
Is 247848949 prime?
False
Is 1712221463 prime?
False
Is 241475093459 composite?
False
Is 1011812531 a prime number?
False
Is 5440300105 a prime number?
False
Is 29551399847 prime?
True
Is 4532241799 prime?
False
Is 22360065769 a prime number?
False
Is 404259991 a composite number?
True
Is 513344437 prime?
True
Is 3831421417 a composite number?
False
Is 23765859121 a prime number?
False
Is 795750979 a prime number?
True
Is 374521 prime?
False
Is 1019881013 composite?
True
Is 48917047 composite?
False
Is 3463885481 prime?
False
Is 1964158739 composite?
False
Is 244810721 composite?
True
Is 847617457 a prime number?
True
Is 326978659 composite?
True
Is 1581852121 prime?
False
Is 3400923223 prime?
True
Is 411268177 prime?
False
Is 2693111149 prime?
False
Is 802356487 a prime number?
True
Is 518420957 a prime number?
True
Is 852594881 prime?
True
Is 5266830869 a composite number?
False
Is 133463417 prime?
True
Is 2767993399 a prime number?
False
Is 59654803231 composite?
True
Is 764891117 a composite number?
True
Is 193828445023 a prime number?
False
Is 676687787 a composite number?
False
Is 1151445041 composite?
False
Is 309616331 prime?
True
Is 14737879459 composite?
False
Is 9279266963 a composite number?
True
Is 1594893389 a prime number?
False
Is 645609203 a composite number?
True
Is 721101217 a prime number?
True
Is 543976037 a prime number?
False
Is 25462123411 a prime number?
False
Is 120686569 prime?
True
Is 4000346605 a composite number?
True
Is 23539918861 composite?
False
Is 730019431 composite?
False
Is 3465624927 a prime number?
False
Is 5422046633 a prime number?
True
Is 784555529 prime?
True
Is 8509327031 composite?
False
Is 4168669 a prime number?
False
Is 24031493357 composite?
False
Is 2541794237 prime?
False
Is 26751607 composite?
False
Is 1859211857 composite?
True
Is 2493778241 prime?
True
Is 9199970881 prime?
False
Is 15667313971 composite?
True
Is 46009571 composite?
False
Is 1896436079 composite?
False
Is 44978674157 composite?
False
Is 6390595895 a composite number?
True
Is 49252391 a prime number?
True
Is 544853999 a prime number?
True
Is 78262447639 a prime number?
False
Is 341145113 composite?
False
Is 4479583501 a prime number?
True
Is 11786439565 a composite number?
True
Is 529155047 prime?
True
Is 4094346721 composite?
False
Is 2326233631 a prime number?
False
Is 1235194099 composite?
False
Is 35239208843 a composite number?
True
Is 5094704267 prime?
True
Is 995147527 prime?
False
Is 16159905977 prime?
True
Is 1342078973 a prime number?
True
Is 609678683 prime?
False
Is 2504957539 composite?
True
Is 40729232639 a prime number?
True
Is 485618165 prime?
False
Is 5265036929 a prime number?
False
Is 4097365427 a prime number?
False
Is 78422609 a prime number?
True
Is 343007747 a prime number?
True
Is 377490907 a prime number?
True
Is 1649483417 a prime number?
True
Is 15897309293 prime?
True
Is 5807789473 prime?
False
Is 39212221 a prime number?
False
Is 167024759 a composite number?
True
Is 29280010213 composite?
False
Is 41549398829 prime?
True
Is 645548945 prime?
False
Is 1203820127 composite?
False
Is 131825963 composite?
False
Is 4840329019 prime?
False
Is 123663347 composite?
False
Is 7491838997 a prime number?
True
Is 236751763 prime?
True
Is 293153353 a prime number?
True
Is 5625617 prime?
True
Is 8927141831 prime?
False
Is 1089682931 a composite number?
True
Is 11428438243 a composite number?
False
Is 108180127 composite?
True
Is 1082981203 prime?
True
Is 596090003 a composite number?
False
Is 34856779 composite?
True
Is 73230342943 prime?
True
Is 708148667 a composite number?
False
Is 565806307 a prime number?
False
Is 3778738547 a prime number?
True
Is 312388754673 prime?
False
Is 101829709 composite?
False
Is 1323283727 a composite number?
True
Is 11567771977 a prime number?
True
Is 13111421041 composite?
False
Is 158466470543 composite?
True
Is 45622743721 composite?
True
Is 626978783 a composite number?
True
Is 49875635441 a composite number?
False
Is 11307578897 a composite number?
False
Is 17937288833 a prime number?
True
Is 51202473229 a composite number?
False
Is 55651427087 a composite number?
True
Is 13106583163 a composite number?
True
Is 297084112847 a prime number?
False
Is 117649113583 a prime number?
True
Is 63342581063 prime?
True
Is 126512123165 a prime number?
False
Is 3467880347 a composite number?
True
Is 9178032937 a composite number?
True
Is 3854689879 a composite number?
False
Is 2087016539 a composite number?
False
Is 423537529 a prime number?
True
Is 289573873 prime?
True
Is 19390277269 a prime number?
False
Is 1465751299 a prime number?
True
Is 936032887 a composite number?
True
Is 93451336477 a prime number?
True
Is 1431753551 prime?
False
Is 2475072713 a prime number?
True
Is 16579624849 prime?
False
Is 994772843 a prime number?
True
Is 5059644287 composite?
True
Is 4064251531 prime?
True
Is 12596636323 a prime number?
False
Is 19746802219 a prime number?
False
Is 72630332389 prime?
True
Is 263886137 a composite number?
False
Is 5384410751 composite?
False
Is 10180260073 composite?
False
Is 5409632803 composite?
True
Is 85797583505 prime?
False
Is 19454310649 a prime number?
True
Is 783069917 prime?
False
Is 25716272927 composite?
False
Is 167827913257 a composite number?
True
Is 911207363 composite?
True
Is 973177883 a prime number?
False
Is 33071578663 prime?
True
Is 9962063957 composite?
False
Is 929509067 composite?
True
Is 216116451323 a composite number?
True
Is 11509890229 a prime number?
False
Is 58395131 prime?
True
Is 30005333347 a composite number?
True
Is 14670463459 composite?
True
Is 9489995821 prime?
False
Is 52817263957 prime?
True
Is 8294929063 a prime number?
False
Is 353005031 a prime number?
True
Is 1677332791 a composite number?
False
Is 19384936699 a composite number?
True
Is 25454165291 a composite number?
True
Is 15372444847 prime?
True
Is 3119110481 a prime number?
True
Is 230661251 a prime number?
True
Is 2223487837 prime?
True
Is 14680248029 prime?
True
Is 26904082603 composite?
False
Is 50831727979 a composite number?
True
Is 4486944947 prime?
True
Is 30788244831 composite?
True
Is 28031477581 a prime number?
True
Is 1964622659 a composite number?
True
Is 16544054777 composite?
True
Is 28325089901 prime?
False
Is 862338667 prime?
True
Is 3572251913 a prime number?
False
Is 1947651137 prime?
True
Is 15243649789 prime?
True
Is 13279553311 a composite number?
False
Is 1452694097 composite?
False
Is 9191236231 prime?
True
Is 2626822499 prime?
False
Is 12610469969 a composite number?
True
Is 96474522917 prime?
False
Is 952399553 a composite number?
True
Is 9201671741 composite?
False
Is 6407362909 a prime number?
True
Is 116056459 a composite number?
True
Is 6961950011 prime?
False
Is 1423078883 a composite number?
True
Is 64301759009 a composite number?
False
Is 100740888823 a composite number?
False
Is 2324933279 a composite number?
False
Is 1135855421 a composite number?
False
Is 2837851523 prime?
False
Is 28089595577 a composite number?
True
Is 50005295663 composite?
False
Is 208960622677 composite?
True
Is 1937001589 a prime number?
False
Is 2771947 a composite number?
False
Is 2371081337 a composite number?
False
Is 621025166 a prime number?
False
Is 803533877 composite?
False
Is 1868207873 prime?
False
Is 6210817 a prime number?
True
Is 7564817 a composite number?
True
Is 2071925837 prime?
True
Is 53510959 a composite number?
False
Is 29113477153 a composite number?
True
Is 1698536347 a composite number?
False
Is 3657779189 a composite number?
True
Is 106176011 prime?
True
Is 3027447469 a composite number?
False
Is 736589023 a prime number?
False
Is 4014138827 a composite number?
False
Is 56064724591 prime?
True
Is 25661611357 composite?
True
Is 64648273441 a prime number?
True
Is 46940783 composite?
False
Is 2036605867 composite?
False
Is 293471798 composite?
True
Is 771723742 prime?
False
Is 56109849603 composite?
True
Is 5616773417 composite?
False
Is 164618873 prime?
True
Is 62525335231 prime?
True
Is 800959139 composite?
True
Is 594829743811 a composite number?
True
Is 2709939959 prime?
False
Is 2664163547 a composite number?
False
Is 8946890846 prime?
False
Is 62465410873 composite?
True
Is 7217467837 a prim